03 = j. What are the prime factors of q?
101
Let g = -56 - -110. Suppose -5*u - 199 = -g. What are the prime factors of 4*u/(-1) + 0/(-2)?
2, 29
Suppose -3*d = -169 + 163. Suppose d*j = 10, 1311 = -0*q + 2*q - j. What are the prime factors of q?
2, 7, 47
Let f(t) = -t**2 + 296*t + 4028. Let m be f(-13). Let k be 1 - ((1 - 0) + 0). Suppose k = -m*c + 10*c + 171. What are the prime factors of c?
3, 19
Suppose -35080 = -2*b + 5*f, -110*b + f = -109*b - 17549. What are the prime factors of b?
5, 3511
Let a be (36/24)/((-6)/(-8)). Suppose 0 = -2*r - 4*v - 14, 0 = -4*r + 5*v - a. List the prime factors of 4 + 3*(-103)/r.
107
Suppose 5855 = 3*i - 5251. Suppose -m + 2*r = -1234, -2*r - 3*r = -3*m + i. List the prime factors of m.
2, 617
Let d = -18 - -95. Suppose -2*q - 5*o + 29 = 0, -4*q + d = 2*o + 11. Suppose -q*g + 15*g + 226 = 0. What are the prime factors of g?
113
Let o = -2 + 4. Let i be (1188/45)/(o - (-56)/(-30)). Suppose 3*c - c = i. List the prime factors of c.
3, 11
Let i = 37558 + -24957. List the prime factors of i.
12601
Let q = -7068 - -8039. List the prime factors of q.
971
Suppose -2*z + 27 = 3*r, 0*r - 2*z = -r + 1. Let n be 9 + (r - 6)/(2 - 1). Suppose 252 = n*u - 7*u. List the prime factors of u.
2, 3, 7
Let b = -14371 + 21214. List the prime factors of b.
3, 2281
Let v(x) be the second derivative of 5*x**3/3 - 32*x**2 - 6*x - 2. List the prime factors of v(36).
2, 37
Suppose 5*n - 87804 - 95336 = -5*n. List the prime factors of n.
2, 9157
Let t(c) = 21*c + 13. Let r be t(-2). Let a = r + 166. Suppose a + 57 = 2*s. What are the prime factors of s?
97
Let x be (-20 + 16)*(-218)/4. List the prime factors of (2 - -5)*(x/7 + 8).
2, 137
Let s(k) = -k**2 - 18*k + 7. Let v be s(5). What are the prime factors of ((-270)/v)/((-3)/930*-1)?
5, 31
Let j(b) = 2*b**2 - 3*b - 14. Let i be j(9). Let q = i + 214. List the prime factors of (-76)/(-13) + (q/65 - 5).
2, 3
Suppose 39 = -d - 12*d. What are the prime factors of (-4)/(-6)*d - (-580 + 4)?
2, 7, 41
Suppose 8*p - 15 = 3*p. Let q(k) = -5*k + 52. Let c be q(9). List the prime factors of (-1*1)/(p*c/(-1239)).
59
Suppose 0 = 3*v - 5*p - 4900 - 20895, 0 = 5*v - 5*p - 42985. List the prime factors of v.
3, 5, 191
Let b(i) = -1. Let p(j) = j**2 + 7*j - 10. Let c(l) = 5*b(l) - p(l). Let y be c(-7). Let v(k) = k**3 + 2*k**2 - 6. List the prime factors of v(y).
13
Let s = -68674 - -107245. List the prime factors of s.
3, 13, 23, 43
Let h be 8*((-12)/114 - 15/38). Let u(w) = -7*w**3 - 2*w**2 + w + 10. What are the prime factors of u(h)?
2, 211
Suppose -36*g + 765821 = 4*g + 9*g. What are the prime factors of g?
15629
Let k(o) = -o**2 + 13. Let x = 83 - 80. Let r be k(x). Suppose -2*j + 5*l - 4*l + 336 = 0, 0 = -3*j - r*l + 515. List the prime factors of j.
13
Let l(o) = -12*o**3 + 3*o**2 - 4*o + 3. Let a be l(-4). Let u = a + -551. What are the prime factors of u/(-2)*(-10)/20?
71
Let z = -41 - -41. Let r be (0 + (2 - 3))*z. Suppose r = -i + 4*y + 14, -2*i + 5*i = 3*y + 78. List the prime factors of i.
2, 3, 5
Suppose -2*u + 5*d = -974, 2*u + 98 = 2*d + 1084. Let o = u - -93. List the prime factors of o.
2, 5, 59
Let o = 4526 - 2183. Let u(c) = 32*c**2 - 25*c + 84. Let b be u(5). Suppose -11*d + o = b. List the prime factors of d.
2, 3
Suppose -9*r = -15*r + 78. Suppose 0 = -r*d - 126 + 1634. List the prime factors of d.
2, 29
Let g = 25602 + -12379. List the prime factors of g.
7, 1889
Let h = 145 - -30. Let c be 674/8 - (h/28 - 6). Let z = 200 - c. List the prime factors of z.
2, 29
Suppose -4*n + 60448 = 4*t, 2*t + 30204 = 53*n - 51*n. List the prime factors of n.
15107
Let m be 182026/208 - (-2)/(-16). Suppose -m = -4*x + 2461. Suppose x = 5*t - r + 180, -t = 2*r - 133. What are the prime factors of t?
131
Let b(d) = 12870*d**2 + 5*d - 9. List the prime factors of b(1).
2, 7, 919
Let y(g) be the third derivative of 169*g**5/60 + 5*g**3/6 + 32*g**2. List the prime factors of y(-2).
3, 227
Let n(g) = 19949*g**3 + 3*g**2 - 2*g - 2. What are the prime factors of n(1)?
2, 4987
Suppose -4*k + 2*h = -22, -6*h = 5*k - 3*h - 11. Suppose 871 = k*b + 5*p - 398, 0 = b + 5*p - 321. List the prime factors of b.
2, 79
Let y be (0/8)/(-5 - -1). Suppose y = 17*i + 15*i - 8640. List the prime factors of i.
2, 3, 5
Let i(d) = 0*d - d**2 - 4*d + 16 - 10*d. Suppose 83 - 248 = 15*r. What are the prime factors of i(r)?
7
Let i be (-2 - -2) + 1 - (-12)/4. Suppose -p = -i*c + 828, 4*c + 2*p - 820 = p. List the prime factors of c.
2, 103
Let p(x) = -x**3 + 6*x**2 + 2*x + 12. Let f be p(5). Let y be ((3 + -4)*f)/(-1). Let s = 146 - y. What are the prime factors of s?
3, 11
List the prime factors of -6*1*((-419640)/240)/((-2)/(-2)).
3, 13, 269
Suppose 18*p + 23478 = -21*p. What are the prime factors of ((-48)/(-28))/(-1)*p/4?
2, 3, 43
Suppose -5*b + 42 = 3*n, 2*b - 3*n + 18 = 3*b. Suppose -3*h - b = -6. Suppose h = 4*y - 7*y + 576. List the prime factors of y.
2, 3
Let o(d) = 3*d + 14. Let u be o(-3). Let v(x) = x - 5. Let i be v(u). Suppose g - 1 - 83 = i. List the prime factors of g.
2, 3, 7
Suppose 16 = -5*g - 2*j, -3*g - 20 = -10*j + 6*j. List the prime factors of -1 - (g - -3) - -1*267.
3, 89
Suppose k + 3*d = 2*k, 4*k = d. Suppose 0 = 3*t, 2*y - 3*y - t + 289 = k. What are the prime factors of y?
17
Let t be (-3)/4 - -1 - 1581/4. Let j = t + 998. List the prime factors of j.
3, 67
Let z be -3 - 171/(-13) - (-6)/(-39). Suppose 1310 = -5*l + z*l. Let s = l + -152. What are the prime factors of s?
2, 5, 11
Suppose 55313 = 5*t + 3*n, 3*t - 14*n - 33187 = -15*n. What are the prime factors of t?
2, 5531
Let t be ((-4)/(-3))/((-25)/(-75)). Suppose -11*a + 8*a + 1741 = 5*w, t*a - 1743 = -5*w. List the prime factors of w.
347
Suppose -11*o = -17349 - 35308. List the prime factors of o.
4787
Let f(o) = -2 + 3 + 5*o**2 + 46*o + 8. List the prime factors of f(-13).
2
Suppose -82*d - 5*d = -3508884. List the prime factors of d.
2, 3, 3361
What are the prime factors of -39*(0*3*(-1)/(-3) + -73)?
3, 13, 73
Let d(h) = 7*h**2 - 2. Let g be d(1). Suppose 3*f - 4*b - 245 = 0, 3*b = g*f - 2*b - 405. Suppose -f = -2*z - 31. List the prime factors of z.
2, 3
Suppose 11*o - 73452 = -9718. List the prime factors of o.
2, 2897
Let h(i) = -24*i + 93. Let r be h(2). Suppose -10*a + 1475 = -r. What are the prime factors of a?
2, 19
Suppose -3*k = -4*k + 8. Suppose -k*v = -4*v + 20. Let f(x) = 4*x**2 + 3*x - 3. What are the prime factors of f(v)?
2, 41
Suppose -4*n - 3*q = -11, -5*n - 2*q = 3*q - 15. Suppose -4*p + 2930 = -u, n*u - 952 = -5*p + 2717. What are the prime factors of p?
733
Suppose 2*m = -2*u + 40954, 0 = -2*m - 5*u + 39510 + 1453. What are the prime factors of m?
2, 29, 353
Let t = -59 - -62. Suppose -2*s = 3*o - 1, 4*o + s + t*s - 4 = 0. What are the prime factors of (1/(-2)*26)/o?
13
Suppose 3*c = 8*c. Suppose c = -28*r + 8*r + 23720. List the prime factors of r.
2, 593
Let q(p) = 2*p**2 - 12*p + 12. Let f be q(1). Suppose 0 = -3*d + 2*m + 461, 4*d + 0*m = -f*m + 610. List the prime factors of d.
3, 17
List the prime factors of (10/(-4)*570/(-75))/(3/1005).
5, 19, 67
Let q(g) = -g**3 + 13*g**2 + 78*g - 79. What are the prime factors of q(16)?
401
Suppose -33 = -126*z + 115*z. Suppose -k = z*p - 32, 3*k = 81*p - 77*p + 83. List the prime factors of k.
29
Let x(f) = -f**2 + 14*f - 6. Let o be x(12). Let d(n) = n**3 - 12*n**2 - 29*n + 79. What are the prime factors of d(o)?
19, 79
List the prime factors of (-3723 + 2)*(6/8 - (-975)/(-260)).
3, 61
Suppose 0 = 81*o - 1595864 - 35962. List the prime factors of o.
2, 7, 1439
List the prime factors of (159/212 - (-7)/(-4))*-30607.
127, 241
Suppose -24 = -3*u + 15. Suppose -u*f = -12*f + 63. What are the prime factors of 444/14 + (-18)/f?
2
Let c = -57 + 62. Suppose 2*s + c*k - 1673 = 0, -k - 3491 + 990 = -3*s. What are the prime factors of s?
2, 3, 139
Let j(q) = -143*q**3 + 7*q**2 + 13*q + 33. List the prime factors of j(-4).
5, 43
Let b = 7920 - -2960. Suppose -9*f + b = 2717. What are the prime factors of f?
907
Suppose 0 = -3*y + 4*c + 74, -23*c + 1 = -22*c. Suppose -5*u = -y*u + 16149. List the prime factors of u.
769
Suppose 205419 = 9*g - 130929. List the prime factors of g.
2, 9343
Let r(y) = y**3 + 47*y**2 + 145*y - 30. List the prime factors of r(17).
3, 6977
Let z be 4/2 +